d 45?
9
Calculate the highest common factor of 15834 and 116.
58
Calculate the greatest common factor of 25 and 870250.
25
Calculate the highest common divisor of 1159559 and 535.
107
Calculate the highest common factor of 1804 and 42845.
451
What is the highest common divisor of 53307 and 225?
9
What is the greatest common factor of 176336 and 32?
16
Calculate the greatest common divisor of 4392 and 32.
8
What is the highest common factor of 8 and 373?
1
Calculate the highest common divisor of 8757 and 63.
63
Calculate the greatest common factor of 3192 and 1634.
38
What is the highest common factor of 4851 and 262647?
693
Calculate the highest common divisor of 3750 and 180.
30
Calculate the highest common divisor of 80 and 192045.
5
What is the highest common factor of 721659 and 879?
879
Calculate the greatest common factor of 3580 and 1372.
4
Calculate the highest common divisor of 111161 and 445.
89
Calculate the greatest common factor of 166 and 425624.
166
Calculate the greatest common divisor of 39820 and 40.
20
Calculate the highest common factor of 1086 and 2652555.
543
Calculate the highest common factor of 19822 and 6358.
374
Calculate the highest common divisor of 31265 and 520.
65
Calculate the highest common factor of 140 and 798434.
14
Calculate the greatest common divisor of 32131 and 22.
11
What is the highest common factor of 191616 and 2176?
128
Calculate the greatest common divisor of 555007 and 213.
71
Calculate the greatest common divisor of 1940 and 1641628.
388
Calculate the highest common factor of 3014996 and 228.
76
Calculate the highest common divisor of 49837 and 58824.
817
Calculate the greatest common divisor of 230 and 14375.
115
Calculate the highest common factor of 5 and 10505.
5
What is the highest common factor of 177 and 297537?
177
What is the greatest common divisor of 68 and 13152?
4
What is the highest common factor of 204876 and 140?
28
Calculate the greatest common divisor of 26 and 221962.
26
What is the highest common factor of 1590 and 8985?
15
Calculate the highest common factor of 22903 and 12173.
37
Calculate the highest common factor of 138894 and 84.
42
What is the greatest common factor of 1512 and 399?
21
Calculate the greatest common factor of 38560 and 1446.
482
What is the highest common factor of 166195 and 20871?
773
Calculate the greatest common divisor of 2651 and 352.
11
Calculate the highest common factor of 15015 and 1053.
39
Calculate the greatest common factor of 850 and 534225.
425
Calculate the highest common divisor of 42108 and 264.
132
Calculate the highest common factor of 1400 and 77112.
56
What is the greatest common factor of 34534 and 62?
62
What is the highest common divisor of 8549 and 13699?
103
Calculate the highest common factor of 132480 and 1265.
115
Calculate the highest common divisor of 519628 and 148.
148
What is the greatest common divisor of 95400 and 126000?
1800
Calculate the highest common divisor of 24 and 6442596.
12
Calculate the highest common factor of 389 and 779167.
389
What is the highest common factor of 335 and 1655905?
335
Calculate the greatest common divisor of 4698 and 4089.
87
What is the greatest common factor of 1564 and 186507?
391
What is the highest common divisor of 756 and 60648?
84
Calculate the highest common divisor of 1985 and 55.
5
What is the highest common factor of 418550 and 10?
10
Calculate the highest common factor of 72912 and 1116.
372
Calculate the greatest common factor of 56 and 83488.
8
Calculate the highest common divisor of 45 and 671160.
15
What is the greatest common divisor of 570 and 4857255?
285
Calculate the highest common factor of 16 and 15948.
4
Calculate the greatest common divisor of 477 and 562171.
53
What is the highest common divisor of 5277 and 12?
3
What is the greatest common factor of 632 and 127269?
79
Calculate the highest common divisor of 424178 and 262.
262
What is the greatest common factor of 1036 and 4172?
28
Calculate the greatest common divisor of 26341 and 1917.
71
What is the greatest common factor of 96 and 215448?
24
What is the highest common factor of 73017 and 25803?
549
What is the highest common divisor of 229 and 246862?
229
Calculate the highest common factor of 134876 and 2240.
28
What is the greatest common divisor of 11260 and 5140?
20
What is the greatest common divisor of 14768 and 6532?
284
Calculate the highest common factor of 158313 and 113.
113
What is the highest common factor of 3100 and 8?
4
What is the highest common factor of 141615 and 4995?
135
Calculate the greatest common factor of 2412639 and 513.
513
Calculate the greatest common divisor of 4484 and 61256.
76
What is the greatest common divisor of 38826 and 162?
54
Calculate the highest common divisor of 10032 and 3971.
209
What is the highest common divisor of 691998 and 1746?
582
What is the greatest common factor of 13 and 955838?
13
Calculate the greatest common factor of 13674 and 11766.
318
What is the greatest common divisor of 572 and 160810?
26
Calculate the highest common factor of 1137664 and 16.
16
Calculate the highest common factor of 22840 and 3.
1
Calculate the highest common divisor of 67120 and 160.
80
Calculate the greatest common factor of 39160 and 924.
44
What is the highest common factor of 516 and 170538?
258
What is the highest common factor of 68468 and 8?
4
What is the greatest common divisor of 8144 and 5136?
16
Calculate the greatest common factor of 45834 and 9.
3
Calculate the greatest common factor of 7 and 3802113.
7
What is the greatest common factor of 10 and 1620?
10
Calculate the greatest common factor of 408 and 1139.
17
Calculate the highest common factor of 489576 and 48.
24
Calculate the highest common factor of 780 and 5655.
195
Calculate the greatest common factor of 99 and 8763084.
99
What is the greatest common divisor of 6255 and 255482?
139
What is the highest common factor of 18 and 116703?
9
What is the highest common divisor of 1666 and 476?
238
What is the highest common factor of 3798 and 1116?
18
What is the highest common divisor of 860 and 16598?
86
Calculate the highest common factor of 260177 and 106.
53
What is the highest common divisor of 76818 and 744?
186
Calculate the greatest common divisor of 4879 and 1615.
17
What is the greatest common divisor of 42 and 57848?
14
Calculate the greatest common factor of 2428 and 1943614.
1214
Calculate the greatest common divisor of 76184 and 57672.
712
What is the highest common factor of 1608 and 364212?
804
Calculate the greatest common factor of 758750 and 11250.
1250
What is the highest common factor of 911 and 1469443?
911
What is the greatest common divisor of 13 and 2401?
1
What is the greatest common divisor of 9452 and 75199?
139
Calculate the highest common divisor of 900 and 11530.
10
Calculate the highest common divisor of 62 and 13556.
2
Calculate the greatest common divisor of 374 and 123904.
22
What is the greatest common divisor of 24461 and 8479?
61
What is the greatest common divisor of 138623 and 335?
67
Calculate the greatest common factor of 5992 and 742.
14
What is the greatest common factor of 1068 and 1087758?
534
What is the greatest common divisor of 41515 and 86963?
437
What is the highest common factor of 8881320 and 24?
24
What is the greatest common factor of 26749 and 368?
23
Calculate the greatest common divisor of 45 and 203157.
9
Calculate the greatest common divisor of 37497 and 1392.
87
Calculate the highest common divisor of 886 and 1606761.
443
What is the highest common factor of 4172 and 1341?
149
What is the highest common factor of 440930 and 140?
70
Calculate the highest common divisor of 873 and 17557.
97
Calculate the highest common factor of 271312 and 1736.
248
What is the greatest common divisor of 109647 and 14229?
837
Calculate the highest common divisor of 5092 and 9648.
268
What is the greatest common factor of 76 and 1752826?
38
What is the greatest common divisor of 10934 and 14?
14
What is the highest common factor of 686790 and 390?
390
Calculate the greatest common factor of 112 and 400.
16
Calculate the highest common divisor of 511 and 15540.
7
Calculate the highest common divisor of 1542 and 1985582.
514
What is the greatest common divisor